ppose 3*g - 2*v - 10131 = 15924, 3*v + 8692 = g. What are the prime factors of g?
19, 457
Suppose -m = 2*n - 5167, 12*n - 15*n = -2*m + 10348. What are the prime factors of m?
5171
Let l = 36 + -30. Let j be l/33 - ((-8436)/(-33))/(-2). Suppose 0 = -7*d + 5*d + j. List the prime factors of d.
2
Let i(m) be the second derivative of 26*m**3/3 - 71*m**2/2 + 61*m. List the prime factors of i(5).
3, 7
Let q be ((-424)/40 - -10)/(6/(-20)). Suppose o + q*b = 175, -b - 869 = -5*o - 5*b. List the prime factors of o.
173
What are the prime factors of (-1)/4 + 13/(-52)*-79565?
19891
List the prime factors of (-490)/30*-618 - 0.
2, 7, 103
Let b(f) be the third derivative of 13*f**5/20 - f**4/6 + f**3/3 - 207*f**2. Let a = 0 + 1. List the prime factors of b(a).
37
Let r(j) be the third derivative of -j**6/60 + j**5/60 + j**4/24 - 2*j**3/3 + 14*j**2. Let t be r(-5). Let q = t + -17. What are the prime factors of q?
3, 83
Suppose -4*d - 4*i = 5659 - 34247, -2*i = 3*d - 21446. List the prime factors of d.
2, 3, 149
Suppose -20*c + 15817 + 11303 = 0. What are the prime factors of c?
2, 3, 113
List the prime factors of 40/(-240) - ((-1297461)/18 + 4).
72077
Let p = -4248 - -8670. What are the prime factors of p?
2, 3, 11, 67
Let k(z) = z**2 + 3*z - 9. Let u be k(-5). Let c(i) be the first derivative of 31*i**4/4 + i**3/3 + i**2/2 + 52. List the prime factors of c(u).
3, 11
Suppose k - 4 = 0, 3*o - 4408 = -4*k + 43758. What are the prime factors of o?
2, 3, 5, 107
Let a(c) = c**3 + 7*c**2 + 5*c - 6. Let t be a(-5). Let i(r) = -164*r + 4. Let j be i(0). Suppose -j*g = -t*g + 2130. List the prime factors of g.
2, 71
Suppose -j + 3*t - 23325 = 6*t, -3*t + 46686 = -2*j. What are the prime factors of 3/(-7) + j/(-63)?
2, 5, 37
Suppose 9*v - 14*v - d = -205, -3*v + 3*d = -141. What are the prime factors of (-7988)/(-6) + (-476)/v + 11?
11
Let i be 53/(-3)*((-7 - -6) + -23). Let b = i - 223. What are the prime factors of b?
3, 67
Suppose -3*l = 15*l + 90. List the prime factors of (l - (-1 - 1))/(9/(-321)).
107
Suppose -6 = -2*t + 12. Suppose w = -4*i + 3, 0 = -8*w + 5*w - 4*i + t. List the prime factors of 487/2 + -1*w/6.
3
Suppose -2061*h + 11114163 = -1800*h. What are the prime factors of h?
97, 439
Suppose 0 = -4*a + 12, -3*a - 1792 = m - 2*m. Suppose m + 551 = 6*g. List the prime factors of g.
2, 7
Suppose l - 79859 = -3*n, 13*l = 14*l + 4. List the prime factors of n.
7, 3803
Suppose 19*z - 251 = 91. List the prime factors of (204/z)/((-2)/(-36)).
2, 3, 17
Suppose 3*z + 34 = 2*w - 527, 0 = -w - 5*z + 248. Let n be w/(-13)*(-12)/(-14). Let c(g) = -g**2 - 22*g - 43. What are the prime factors of c(n)?
29
Let z = 289 + -286. Suppose i + 4*i + z*h - 5554 = 0, -1121 = -i - 4*h. List the prime factors of i.
1109
Suppose 0 = -35*a - 125*a + 2848800. List the prime factors of a.
3, 5, 1187
Let b(p) be the second derivative of p**5/20 - 5*p**4/6 + p**3/2 - 6*p**2 + 20*p. Let t be b(13). Suppose 41*u = 38*u + t. List the prime factors of u.
2, 89
Let u(y) = -5 + y**3 - 3 + 7*y**2 + 1 + 4*y - 4. Let x be u(-6). List the prime factors of x - ((3 - 52) + 3).
47
Let u(t) = -t**3 - 15*t**2 + 14*t - 41. Let q be u(-16). List the prime factors of q/((6/(-123))/((-90)/(-9))).
3, 5, 41
Suppose 12*s + 18*s = -420. What are the prime factors of (-3374)/s - (-5 + 3 + -3)?
2, 3, 41
Let w = 478 + -273. Let t(x) = x - 22. Let j be t(24). Suppose 0 = -5*l + 2*b - 7*b + 460, j*l - 5*b = w. List the prime factors of l.
5, 19
Let d = 271 - -117. Suppose 23*b - 30*b + 21 = 0. Suppose 0 = -b*u - 4*g + 404, 4*u - d = u + 4*g. List the prime factors of u.
2, 3, 11
Suppose -4*z - u + 57083 = 0, 6177 = 4*z + 4*u - 50903. List the prime factors of z.
3, 67, 71
Suppose -9 - 5 = -2*a. Suppose -a*x + 5*x = 0. Suppose 320 = 5*z - x*z + 5*l, -3*z + 2*l = -197. What are the prime factors of z?
5, 13
Suppose -c - a + 3*a = -2915, -2*a + 5848 = 2*c. List the prime factors of c.
23, 127
Let j(x) = 3*x + 29. Let y be j(-9). Suppose 5*h - 5*n - 10 = 0, -2*n + 0*n = y*h. Suppose 4*k - 233 = -h. What are the prime factors of k?
2, 29
Suppose 0 = 5*a - 5*i, -5*a = 2*i - i - 24. Suppose 5*k + 4*o = 92, 5*o - 49 - 21 = -a*k. List the prime factors of k/15*(-1068)/(-8).
2, 89
Let h = 196 + -194. Suppose h*o + 118 = -4*r + 1282, -3*o + 4*r = -1766. List the prime factors of o.
2, 293
Let c(a) = a**3 + 4*a**2 - a + 1. Suppose -2*n - n - 6 = 0. Let x be c(n). Let g = 13 + x. What are the prime factors of g?
2, 3
Let k be (4 + -3)/((-10)/(-30)). Let o(l) = 2*l - 1. Let g be o(2). Suppose 3*x - 54 = h, k*x - 60 = -g*h + 2*h. What are the prime factors of x?
19
Let z(s) = s**3 + 2*s**2 - 6*s - 7. Let i be z(-2). Suppose 5*l - 515 = -i*n, -n = -0*n - 3*l - 107. Let g = 50 + n. What are the prime factors of g?
2, 7, 11
List the prime factors of (-5463 + 0 + 2)/(-31 + 30).
43, 127
Let s = 14706 + 6443. What are the prime factors of s?
21149
Let q = -32 - -45. Suppose 4*y - 9 = 11. Suppose -q*x = -y*x - 1416. What are the prime factors of x?
3, 59
Let t = -370 - -362. Let p(j) = 10*j**2 + 39*j - 23. List the prime factors of p(t).
5, 61
Suppose -6986 = -4*f - 64*t + 62*t, -7001 = -4*f - 5*t. What are the prime factors of f?
2, 109
Let z(a) = -521*a + 1416. What are the prime factors of z(-18)?
2, 3, 7, 257
Let a be (-3020)/(-100) + (6/(-5) - -1). Suppose -a - 729 = -3*w. List the prime factors of w.
11, 23
Let i = -290 - -292. Let r(s) = 88*s - 24. What are the prime factors of r(i)?
2, 19
Suppose -5*g + 2*r + 56304 = 0, 0 = -4*g - g - 5*r + 56325. List the prime factors of g.
2, 3, 1877
Let x(k) = k**3 + 18*k**2 - 3*k + 29. Suppose -7*j - 66 = 53. List the prime factors of x(j).
3, 41
Let f = 490 + 368. Let y = f - 107. List the prime factors of y.
751
Let h = 49 - 19. Let s = 862 - 859. Suppose s*u - 108 = -h. List the prime factors of u.
2, 13
Let c(h) = 16*h**3 - 5*h + 3. Let t(g) = -8*g - 94. Let j be t(-12). List the prime factors of c(j).
11
List the prime factors of 4/(-7)*6940423/(-254).
2, 37, 211
Suppose 4*b + 12 = 3*l, 4*b + 12 = 35*l - 38*l. What are the prime factors of 877 - (0/7 + b)?
2, 5, 11
Suppose 3*u = -5*a - 837, 2*a = -2*u + 4*a - 574. Let t = -195 - u. What are the prime factors of t?
89
Let c(u) = -146*u**2 - 6*u. Let k(f) = 29*f**2 + f. Let p(v) = -3*c(v) - 16*k(v). Let r be p(1). Let x = r + 127. What are the prime factors of x?
103
Suppose -4*z = r + 4*r - 264, 3*r - 132 = -2*z. Suppose -3*s - 4*t = -101, -3*s + 6*s = 3*t + z. List the prime factors of s.
3
Suppose -5*c + 480 = c. Suppose c = 5*q - 335. Let k = q + -25. What are the prime factors of k?
2, 29
Suppose 29*p - 217404 = 1030611. What are the prime factors of p?
3, 5, 19, 151
Let i be -6*4/16*4/(-3). Let j be i - (-2)/(-6)*9. What are the prime factors of (3 - 74/10)/(j/5)?
2, 11
Suppose 3*a = 0, 4*a = 3*n + n - 5776. Suppose 56*c = 60*c - n. What are the prime factors of c?
19
Let a(i) = 9*i**2 - 14*i - 25. Let h(w) = -20*w**2 + 27*w + 50. Let d(x) = 5*a(x) + 2*h(x). What are the prime factors of d(9)?
2, 59
Suppose -619*k + 1506975 = -594*k. List the prime factors of k.
3, 71, 283
Let y(n) = -38*n - 8. Suppose 5 - 19 = 7*z. Let i be y(z). Let w = i - -19. What are the prime factors of w?
3, 29
Let c = -624 - -3716. What are the prime factors of c?
2, 773
Let i(v) = 3*v + 38. Let b be i(-13). Let h(m) = 363*m**2 + 9*m + 9. List the prime factors of h(b).
3, 11
Let i = 615 + -340. Let n = i - -8. What are the prime factors of n?
283
Suppose 4*j - 3*c + 8*c - 5 = 0, -3*j = c - 1. Suppose -2*n + 2024 = -f - j*f, 4*n + f = 4042. What are the prime factors of n?
3, 337
Suppose -8628 = 16*t - 17*t - 2*u, u = -4*t + 34554. List the prime factors of t.
2, 3, 5
Let w = 55 + -21. Suppose -q + 16 = -w. Suppose -2*r + 45 = -y, 5*r - 4*y + q - 164 = 0. What are the prime factors of r?
2, 11
Let w(g) = g**2 + 20*g - 21. Let v be w(-21). Suppose 4*r + v*r = 2588. List the prime factors of r.
647
Suppose -164*x + 149*x - 9822400 = -127*x. What are the prime factors of x?
2, 5, 877
Let n = -297 + 303. Suppose -y = 5*w - 356, 0*y = n*y - 5*w - 2311. What are the prime factors of y?
3, 127
Let x(f) = -f**2 + 15*f - 46. Let j be x(10). Suppose j*h = 5*l + 300 - 1412, h = -5*l + 1122. List the prime factors of l.
2, 7
Suppose 0 = 15*c + 10960 - 42955.